, 349, 42841
List the prime factors of 24873581.
24873581
What are the prime factors of 154007878?
2, 3137, 24547
What are the prime factors of 33287869?
53, 89, 7057
What are the prime factors of 63289113?
3, 17, 131, 9473
List the prime factors of 483612419.
5879, 82261
List the prime factors of 1189516228.
2, 59, 1637, 3079
List the prime factors of 1759262507.
109, 211, 76493
What are the prime factors of 3241024112?
2, 202564007
List the prime factors of 71367222.
2, 3, 11894537
What are the prime factors of 394202161?
3049, 129289
List the prime factors of 274921636.
2, 11, 67, 93257
List the prime factors of 721459602.
2, 3, 19, 641, 1097
What are the prime factors of 419906018?
2, 7, 17, 67, 1549
What are the prime factors of 543537530?
2, 5, 107, 507979
What are the prime factors of 868691812?
2, 217172953
List the prime factors of 236314375.
5, 11, 37, 929
List the prime factors of 29104132.
2, 1459, 4987
List the prime factors of 6102308.
2, 71, 21487
What are the prime factors of 17657752?
2, 7, 29, 83, 131
What are the prime factors of 454501559?
919, 494561
What are the prime factors of 319800438?
2, 3, 19, 967
List the prime factors of 937922438.
2, 468961219
What are the prime factors of 1455735535?
5, 107, 131, 20771
List the prime factors of 636398550.
2, 3, 5, 107, 13217
What are the prime factors of 450383589?
3, 50042621
What are the prime factors of 608219147?
89, 1879, 3637
What are the prime factors of 200862187?
11489, 17483
List the prime factors of 38547015.
3, 5, 13, 197677
What are the prime factors of 7913047?
101, 78347
What are the prime factors of 1710781651?
1710781651
What are the prime factors of 47153623?
11, 29, 53, 2789
What are the prime factors of 1925902000?
2, 5, 11, 87541
What are the prime factors of 140964374?
2, 17, 47, 5189
What are the prime factors of 13071127?
13071127
List the prime factors of 1965044894.
2, 79, 12436993
List the prime factors of 27527330.
2, 5, 2752733
What are the prime factors of 1028589653?
7, 13, 11303183
List the prime factors of 9244129.
71, 130199
What are the prime factors of 236446270?
2, 5, 73, 323899
List the prime factors of 183797754.
2, 3, 7, 19, 139, 1657
What are the prime factors of 195647742?
2, 3, 71, 153089
What are the prime factors of 326909814?
2, 3, 7, 11, 64327
List the prime factors of 70783718.
2, 401, 88259
What are the prime factors of 2742059625?
3, 5, 17, 463, 929
What are the prime factors of 9319774?
2, 17, 269, 1019
What are the prime factors of 575514011?
23549, 24439
List the prime factors of 430586883.
3, 911, 52517
List the prime factors of 12373398.
2, 3, 76379
List the prime factors of 150811452.
2, 3, 11, 380837
List the prime factors of 73656561.
3, 11, 2232017
List the prime factors of 718284246.
2, 3, 19, 6300739
What are the prime factors of 216436651?
827, 261713
What are the prime factors of 4708479087?
3, 13, 3095647
What are the prime factors of 693636056?
2, 86704507
What are the prime factors of 67793130?
2, 3, 5, 753257
What are the prime factors of 2889870017?
107, 271, 99661
List the prime factors of 527738159.
13, 3122711
What are the prime factors of 62869980?
2, 3, 5, 1047833
What are the prime factors of 48381283?
47, 947, 1087
List the prime factors of 301548573.
3, 71, 471907
What are the prime factors of 88065884?
2, 22016471
What are the prime factors of 4553419507?
7, 13, 163, 373, 823
What are the prime factors of 318008810?
2, 5, 7, 23, 197521
List the prime factors of 134797729.
11, 12254339
List the prime factors of 539795179.
7, 11, 71, 98737
List the prime factors of 807623871.
3, 29, 9283033
What are the prime factors of 424323689?
17, 1783, 13999
List the prime factors of 778493721.
3, 259497907
What are the prime factors of 4755668415?
3, 5, 317044561
List the prime factors of 1876587863.
1876587863
What are the prime factors of 658232437?
2609, 252293
List the prime factors of 352571754.
2, 3, 3989, 14731
What are the prime factors of 154948212?
2, 3, 967, 4451
What are the prime factors of 404666010?
2, 3, 5, 7, 73, 419
What are the prime factors of 1833684614?
2, 23, 4139, 9631
What are the prime factors of 95855662?
2, 7, 167, 5857
What are the prime factors of 7637690848?
2, 541, 441179
List the prime factors of 128157847.
599, 213953
List the prime factors of 824290372.
2, 31, 241, 27583
List the prime factors of 61857246.
2, 3, 11, 937231
List the prime factors of 943039762.
2, 7, 67359983
List the prime factors of 1073945511.
3, 43, 311, 8923
List the prime factors of 687396432.
2, 3, 47, 53, 5749
What are the prime factors of 481697007?
3, 11, 1326989
What are the prime factors of 164527245?
3, 5, 43, 85027
What are the prime factors of 172365309?
3, 47, 407483
List the prime factors of 576237174.
2, 3, 167, 575087
List the prime factors of 8182672403.
11717, 698359
List the prime factors of 855803031.
3, 53, 541, 9949
List the prime factors of 2172883735.
5, 11, 39506977
List the prime factors of 926245705.
5, 7, 11, 2405833
What are the prime factors of 730501028?
2, 43, 463, 9173
List the prime factors of 427837548.
2, 3, 419, 85091
List the prime factors of 1187770131.
3, 131974459
List the prime factors of 1299648096.
2, 3, 17, 265451
What are the prime factors of 417458303?
23, 18150361
List the prime factors of 297238477.
113, 2630429
What are the prime factors of 49541684?
2, 127, 97523
List the prime factors of 4879820.
2, 5, 11, 41, 541
List the prime factors of 82692748.
2, 31, 59, 89, 127
What are the prime factors of 1635992271?
3, 3187, 57037
What are the prime factors of 6985952155?
5, 7, 13, 1181057
What are the prime factors of 326145513?
3, 29, 31, 120929
What are the prime factors of 552329394?
2, 3, 92054899
List the prime factors of 1598523.
3, 23, 23167
List the prime factors of 1313858119.
7, 113, 237287
What are the prime factors of 236325452?
2, 11, 5371033
What are the prime factors of 393024021?
3, 13, 10077539
List the prime factors of 66940049.
11, 127, 47917
What are the prime factors of 1537200418?
2, 13, 17, 3477829
List the prime factors of 461981969.
461981969
List the prime factors of 15995466.
2, 3, 888637
List the prime factors of 559143793.
13, 97, 443413
What are the prime factors of 2518946282?
2, 1447, 870403
List the prime factors of 11912849.
13, 43, 101, 211
What are the prime factors of 98793985?
5, 659, 29983
What are the prime factors of 406803545?
5, 31, 2624539
List the prime factors of 41431040.
2, 5, 7, 17
What are the prime factors of 48370559?
17, 191, 14897
What are the prime factors of 171847844?
2, 7, 6137423
What are the prime factors of 730351?
263, 2777
What are the prime factors of 35230988?
2, 13, 167, 4057
List the prime factors of 60043869.
3, 23, 31, 3119
What are the prime factors of 457964980?
2, 5, 11, 19, 331
What are the prime factors of 709775846?
2, 13, 41, 811, 821
List the prime factors of 911081664.
2, 3, 41, 173, 223
What are the prime factors of 43382386?
2, 21691193
What are the prime factors of 2237602549?
7, 13, 61, 163, 2473
List the prime factors of 850361914.
2, 425180957
What are the prime factors of 807218646?
2, 3, 13, 10348957
List the prime factors of 276747123.
3, 92249041
List the prime factors of 21807259.
21807259
List the prime factors of 65627312.
2, 293, 13999
What are the prime factors of 56076849?
3, 6230761
What are the prime factors of 123629657?
409, 302273
List the prime factors of 39658094.
2, 7, 191, 14831
List the prime factors of 283492282.
2, 141746141
What are the prime factors of 71002689?
3, 23667563
List the prime factors of 4589992737.
3, 11, 1717169
List the prime factors of 340620925.
5, 17, 801461
What are the prime factors of 783762718?
2, 391881359
What are the prime factors of 317781413?
317781413
List the prime factors of 72563837.
17, 53, 80537
List the prime factors of 743537268.
2, 3, 983, 21011
What are the prime factors of 310110799?
19, 89, 183389
What are the prime factors of 211440979?
281, 752459
What are the prime factors of 246576706?
2, 41, 43, 69931
What are the prime factors of 275030184?
2, 3, 11, 13, 127, 631
What are the prime factors of 66255996?
2, 3, 661, 8353
What are the prime factors of 2118429155?
5, 257, 1648583
List the prime factors of 100914362.
2,